 divided by 329?
321
Calculate the remainder when 129083 is divided by 10756.
11
Calculate the remainder when 838453 is divided by 14.
7
What is the remainder when 1843 is divided by 343?
128
Calculate the remainder when 6913 is divided by 103.
12
Calculate the remainder when 2825390 is divided by 1149.
1148
What is the remainder when 430 is divided by 357?
73
What is the remainder when 6250 is divided by 22?
2
Calculate the remainder when 9554 is divided by 1168.
210
What is the remainder when 1347 is divided by 664?
19
Calculate the remainder when 431508 is divided by 60.
48
What is the remainder when 1206 is divided by 93?
90
What is the remainder when 16825 is divided by 183?
172
Calculate the remainder when 41859 is divided by 130.
129
Calculate the remainder when 59719 is divided by 33.
22
What is the remainder when 164 is divided by 62?
40
Calculate the remainder when 7262 is divided by 558.
8
What is the remainder when 7977 is divided by 29?
2
What is the remainder when 568950 is divided by 13546?
18
What is the remainder when 33355 is divided by 2083?
27
Calculate the remainder when 35745 is divided by 8926.
41
Calculate the remainder when 1767 is divided by 672.
423
What is the remainder when 38646 is divided by 134?
54
Calculate the remainder when 5033 is divided by 996.
53
Calculate the remainder when 9703 is divided by 2114.
1247
What is the remainder when 1621 is divided by 1106?
515
What is the remainder when 617 is divided by 108?
77
What is the remainder when 4661 is divided by 330?
41
What is the remainder when 24611 is divided by 219?
83
Calculate the remainder when 149832 is divided by 678.
672
What is the remainder when 21277 is divided by 575?
2
Calculate the remainder when 930 is divided by 56.
34
Calculate the remainder when 44844 is divided by 50.
44
What is the remainder when 11669 is divided by 432?
5
Calculate the remainder when 109029 is divided by 44.
41
What is the remainder when 71648 is divided by 42?
38
What is the remainder when 3046 is divided by 441?
400
Calculate the remainder when 5223 is divided by 448.
295
What is the remainder when 86070 is divided by 36?
30
Calculate the remainder when 248321 is divided by 215.
211
Calculate the remainder when 79794 is divided by 234.
0
Calculate the remainder when 2893 is divided by 1433.
27
Calculate the remainder when 84289 is divided by 3511.
25
Calculate the remainder when 115017 is divided by 262.
261
What is the remainder when 1390 is divided by 261?
85
What is the remainder when 13568 is divided by 492?
284
What is the remainder when 67067 is divided by 190?
187
Calculate the remainder when 21390 is divided by 40.
30
Calculate the remainder when 28583 is divided by 28570.
13
What is the remainder when 357172 is divided by 455?
452
What is the remainder when 45284 is divided by 5019?
113
Calculate the remainder when 427656 is divided by 2239.
7
What is the remainder when 8041 is divided by 654?
193
Calculate the remainder when 2430686 is divided by 89.
7
Calculate the remainder when 4999 is divided by 43.
11
What is the remainder when 1668 is divided by 1375?
293
Calculate the remainder when 5733 is divided by 2792.
149
Calculate the remainder when 548590 is divided by 4460.
10
Calculate the remainder when 15166 is divided by 2502.
154
What is the remainder when 5905 is divided by 57?
34
What is the remainder when 23885 is divided by 152?
21
Calculate the remainder when 6693 is divided by 181.
177
What is the remainder when 32204 is divided by 12?
8
What is the remainder when 5213 is divided by 158?
157
Calculate the remainder when 253965 is divided by 247.
49
What is the remainder when 27971 is divided by 26?
21
Calculate the remainder when 688 is divided by 490.
198
What is the remainder when 50749 is divided by 416?
413
Calculate the remainder when 4644 is divided by 75.
69
What is the remainder when 315706 is divided by 49?
48
Calculate the remainder when 41250 is divided by 915.
75
What is the remainder when 14368 is divided by 14328?
40
What is the remainder when 53792 is divided by 34?
4
Calculate the remainder when 13694 is divided by 13586.
108
Calculate the remainder when 50003 is divided by 49894.
109
Calculate the remainder when 1340 is divided by 179.
87
Calculate the remainder when 21954 is divided by 45.
39
Calculate the remainder when 10355 is divided by 128.
115
Calculate the remainder when 4149 is divided by 247.
197
What is the remainder when 729 is divided by 544?
185
What is the remainder when 37976 is divided by 145?
131
Calculate the remainder when 5221 is divided by 1728.
37
What is the remainder when 89113 is divided by 2546?
3
What is the remainder when 9459 is divided by 2242?
491
Calculate the remainder when 189405 is divided by 326.
325
What is the remainder when 184857 is divided by 45?
42
Calculate the remainder when 685413 is divided by 15.
3
What is the remainder when 44155 is divided by 37?
14
Calculate the remainder when 567 is divided by 437.
130
What is the remainder when 118 is divided by 117?
1
What is the remainder when 40601 is divided by 330?
11
Calculate the remainder when 819782 is divided by 645.
632
Calculate the remainder when 14191 is divided by 71.
62
What is the remainder when 191809 is divided by 77?
2
Calculate the remainder when 10529614 is divided by 12.
10
What is the remainder when 787321 is divided by 173?
171
What is the remainder when 521154 is divided by 161?
158
Calculate the remainder when 12081 is divided by 4010.
51
What is the remainder when 66913 is divided by 916?
45
What is the remainder when 5043 is divided by 2388?
267
What is the remainder when 74544 is divided by 18608?
112
What is the remainder when 17924 is divided by 8958?
8
Calculate the remainder when 67971 is divided by 13586.
41
What is the remainder when 936 is divided by 12?
0
Calculate the remainder when 1148 is divided by 561.
26
Calculate the remainder when 15459 is divided by 645.
624
What is the remainder when 1295 is divided by 18?
17
Calculate the remainder when 30263 is divided by 326.
271
Calculate the remainder when 54599 is divided by 525.
524
Calculate the remainder when 2742 is divided by 53.
39
Calculate the remainder when 12905 is divided by 618.
545
What is the remainder when 74841 is divided by 37401?
39
What is the remainder when 19445 is divided by 4859?
9
Calculate the remainder when 18078 is divided by 402.
390
What is the remainder when 15918658 is divided by 492?
490
Calculate the remainder when 16558 is divided by 8263.
32
Calculate the remainder when 11812 is divided by 67.
20
What is the remainder when 14533 is divided by 4702?
427
What is the remainder when 79707 is divided by 14?
5
What is the remainder when 15386 is divided by 28?
14
Calculate the remainder when 8281 is divided by 98.
49
Calculate the remainder when 1095 is divided by 194.
125
What is the remainder when 346 is divided by 12?
10
Calculate the remainder when 268319 is divided by 89439.
2
Calculate the remainder when 176825 is divided by 223.
209
Calculate the remainder when 41306 is divided by 22.
12
Calculate the remainder when 460 is divided by 418.
42
Calculate the remainder when 14063 is divided by 466.
83
What is the remainder when 25421 is divided by 5071?
66
What is the remainder when 28915 is divided by 7219?
39
Calculate the remainder when 40604 is divided by 63.
32
What is the remainder when 69619 is divided by 819?
4
What is the remainder when 2129 is divided by 103?
69
Calculate the remainder when 42635 is divided by 10658.
3
Calculate the remainder when 12999 is divided by 70.
49
Calculate the remainder when 139122 is divided by 237.
3
What is the remainder when 1821 is divided by 535?
216
What is the remainder when 11051 is divided by 252?
215
Calculate the remainder when 22476 is divided by 70.
6
What is the remainder when 50004 is divided by 14?
10
What is the remainder when 340858 is divided by 299?
297
What is the remainder when 13603 is divided by 154?
51
Calculate the remainder when 323108 is divided by 107702.
2
Calculate the remainder when 56615 is divided by 233.
229
Calculate the remainder when 7763 is divided by 6.
5
Calculate the remainder when 528079 is divided by 112.
111
Calculate the remainder when 10768